{"id":277,"date":"2019-08-20T12:22:58","date_gmt":"2019-08-20T12:22:58","guid":{"rendered":"https:\/\/themes.getmotopress.com\/booklium-default\/?page_id=277"},"modified":"2024-04-17T14:24:32","modified_gmt":"2024-04-17T12:24:32","slug":"terms-conditions","status":"publish","type":"page","link":"https:\/\/acampale.com\/cat\/terms-conditions\/","title":{"rendered":"Termes &amp; Condicions"},"content":{"rendered":"<p class=\"\">Al formalizar la reserva de los tipis Acampale a trav\u00e9s de nuestra web, usted est\u00e1 aceptando los siguientes t\u00e9rminos y condiciones.<\/p>\n\n\n\n<ol start=\"1\" class=\"wp-block-list\">\n<li class=\"\">Relaci\u00f3n Acampale-Camping.<\/li>\n<\/ol>\n\n\n\n<p class=\"\">El camping ofrece a sus clientes el servicio de alojamiento en los tipis Acampale dentro de sus instalaciones seg\u00fan la normativa tur\u00edstica, cumpliendo todos los requerimientos legales que le dan la posibilidad de ofrecer dicho servicio. Es el camping quien legalmente aloja al cliente en los tipis Acampale.<\/p>\n\n\n\n<p class=\"\">Acampale es el servicio de una empresa que ofrece al camping la instalaci\u00f3n y comercializaci\u00f3n de los tipis totalmente equipados, as\u00ed como los servicios de comunicaci\u00f3n, publicidad, marketing y gesti\u00f3n de reservas.<\/p>\n\n\n\n<p class=\"\">Acampale colabora con el camping en los siguientes puntos:<\/p>\n\n\n\n<ul class=\"wp-block-list\">\n<li class=\"\">Pone a disposici\u00f3n del camping el montaje, equipamiento, supervisi\u00f3n y puesta en servicio de los tipis Acampale.<\/li>\n\n\n\n<li class=\"\">Colabora en la reserva de los tipis instalados en el camping, seg\u00fan los acuerdos individuales haciendo de intermediario entre el camping y el cliente.<\/li>\n\n\n\n<li class=\"\">Colabora en la gesti\u00f3n de cobros ayudando al camping a cobrar su servicio (el alojamiento).<\/li>\n<\/ul>\n\n\n\n<ol start=\"2\" class=\"wp-block-list\">\n<li class=\"\">Pol\u00edticas de Llegada \/ Salida.<\/li>\n<\/ol>\n\n\n\n<p class=\"\">Los tipis Acampale tienen los siguientes tiempos y pol\u00edticas de check-in \/ check-out.<\/p>\n\n\n\n<ul class=\"wp-block-list\">\n<li class=\"\">La Garrotxa \u2013 Camping Lava:&nbsp;Check-in de 16h a 20h. Check-out hasta las 12h<\/li>\n\n\n\n<li class=\"\">Costa Brava \u2013 Camping Moby Dick:&nbsp;Check-in de 16h a 21h. Check-out hasta las 12h<\/li>\n\n\n\n<li class=\"\">No presentado: Todos los clientes deben hacer su entrada el d\u00eda de inicio de su reserva cumpliendo con los horarios anteriormente mencionados en cada caso. Cuando un cliente no puede hacer su entrada el d\u00eda y\/o horario que le corresponde, deber\u00e1 avisar de tal casu\u00edstica, indicando cuando realmente llegar\u00e1. Si el cliente no avisa, perder\u00e1 el derecho de entrada hasta el d\u00eda siguiente sin derecho a reembolso alguno.<\/li>\n<\/ul>\n\n\n\n<ol start=\"3\" class=\"wp-block-list\">\n<li class=\"\">Pol\u00edticas de Cancelaci\u00f3n.<\/li>\n<\/ol>\n\n\n\n<p class=\"\">Se permite la devoluci\u00f3n del 100% del importe hasta un m\u00e1ximo de 14 d\u00edas de antelaci\u00f3n.<br>Cuando quedan 14 d\u00edas o menos de antelaci\u00f3n se cobrar\u00e1 el 100%.<\/p>\n\n\n\n<p class=\"\">Los importes a devolver tardar\u00e1n entre 3 y 10 d\u00edas aproximadamente en llegar de nuevo a la cuenta del cliente, dependiendo este tiempo del banco del cliente.<\/p>\n\n\n\n<p class=\"\">Estas condiciones aplican igualmente a reservas que en el momento de la reserva queden menos de 14 d\u00edas.<\/p>\n\n\n\n<ol start=\"4\" class=\"wp-block-list\">\n<li class=\"\">T\u00e9rminos y Condiciones.<\/li>\n<\/ol>\n\n\n\n<p class=\"\">En todos nuestros campings est\u00e1n prohibidos los grupos de amigos\/as cuyo objetivo es \u201cestar de fiesta\u201d y se negar\u00e1 la entrada al camping a cualquier grupo de amigos reserv\u00e1ndonos el derecho de admisi\u00f3n y perdiendo la totalidad del importe de la reserva. Los tipis Acampale son para personas que quieren descansar y pasar unos d\u00edas de vacaciones tranquilas en contacto con la naturaleza.<\/p>\n\n\n\n<p class=\"\">Recordar a los grupos de amigos que se podr\u00e1n aplicar autorizaciones de importe seg\u00fan los t\u00e9rminos del apartado \u201cDisturbios y no cumplimiento de las normas del camping\u201d.<\/p>\n\n\n\n<ol start=\"5\" class=\"wp-block-list\">\n<li class=\"\">Condiciones de Modificaci\u00f3n de la reserva.<\/li>\n<\/ol>\n\n\n\n<p class=\"\">Solo se permite la modificaci\u00f3n de la reserva antes de 14 d\u00edas. Cuando quedan 14 d\u00edas o menos se podr\u00e1 \u00fanicamente ampliar la reserva (nunca reducirla) en los casos en los que sea posible, reserv\u00e1ndose el camping la posibilidad de aprobar o no la modificaci\u00f3n.<\/p>\n\n\n\n<p class=\"\">Los importes a devolver tardar\u00e1n entre 3 y 10 d\u00edas aproximadamente en llegar de nuevo a la cuenta del cliente, dependiendo este tiempo del banco del cliente.<\/p>\n\n\n\n<p class=\"\">Estas condiciones aplican igualmente a reservas que en el momento de la reserva queden menos de 14 d\u00edas.<\/p>\n\n\n\n<ol start=\"6\" class=\"wp-block-list\">\n<li class=\"\">Ni\u00f1os.<\/li>\n<\/ol>\n\n\n\n<ul class=\"wp-block-list\">\n<li class=\"\">Ni\u00f1os de 0 a 2 a\u00f1os tienen tarifa gratuita siempre y cuando durmiendo en la cama de los padres.<\/li>\n\n\n\n<li class=\"\">Ni\u00f1os a partir de 2 a\u00f1os se consideran hu\u00e9spedes normales.<\/li>\n<\/ul>\n\n\n\n<ol start=\"7\" class=\"wp-block-list\">\n<li class=\"\">Reservas de Menores.<\/li>\n<\/ol>\n\n\n\n<p class=\"\">Los menores deber\u00e1n estar acompa\u00f1ados siempre de un mayor de edad. En caso contrario no se permitir\u00e1 el acceso al camping, perdiendo el importe total de la reserva.<\/p>\n\n\n\n<ol start=\"8\" class=\"wp-block-list\">\n<li class=\"\">Mascotas.<\/li>\n<\/ol>\n\n\n\n<p class=\"\">\u00bfPuedo llevar mascotas? No.<\/p>\n\n\n\n<p class=\"\">Por ello, nos veremos obligados a rechazar a todo cliente que lleve mascotas a su tipi, sin posibilidad de devoluci\u00f3n del dinero. Sentimos mucho esta medida.<\/p>\n\n\n\n<ol start=\"9\" class=\"wp-block-list\">\n<li class=\"\">Condiciones de Pago.&nbsp;<\/li>\n<\/ol>\n\n\n\n<p class=\"\">Se efectuar\u00e1 el 100% del pago, excluida tasa tur\u00edstica, en el momento de realizar la reserva a trav\u00e9s del motor de reservas online incorporado en la web de Acampale. La tasa tur\u00edstica se abonar\u00e1 al llegar al camping y realizar check-in en recepci\u00f3n.<\/p>\n\n\n\n<ol start=\"10\" class=\"wp-block-list\">\n<li class=\"\">Ropa de Cama Extra.<\/li>\n<\/ol>\n\n\n\n<ol start=\"11\" class=\"wp-block-list\">\n<li class=\"\"><\/li>\n<\/ol>\n\n\n\n<p class=\"\">Recuerda que cada cama es para un m\u00e1ximo de 2 personas mayores de 2 a\u00f1os SIEMPRE.\u00a0<\/p>\n\n\n\n<p class=\"\">Cuando acceda a su tipi encontrar\u00e1 ropa de cama limpia. Esta ropa de cama no se cambiar\u00e1 durante su estancia.<\/p>\n\n\n\n<ol start=\"12\" class=\"wp-block-list\">\n<li class=\"\">Estacionamiento (Parking).<\/li>\n<\/ol>\n\n\n\n<p class=\"\">Todas las reservas incluyen una sola plaza de parking. Cada plaza de parking puede ser ocupada por un coche o 2 motos. La ubicaci\u00f3n de su estacionamiento incluido en la reserva depender\u00e1 de la ocupaci\u00f3n de las parcelas y del tipo de alojamiento elegido, estando siempre dentro del recinto del camping o parking del camping.<\/p>\n\n\n\n<p class=\"\">La plaza de la que dispone en su reserva puede no estar delimitada, siendo potestad del camping la organizaci\u00f3n de los coches de los clientes.<\/p>\n\n\n\n<ol start=\"13\" class=\"wp-block-list\">\n<li class=\"\">Disturbios y no cumplimiento de las normas del camping.<\/li>\n<\/ol>\n\n\n\n<p class=\"\">Para prevenir cualquier tipo de disturbio, mala conducta, fiesta nocturna, o cualquier otra casu\u00edstica que pueda molestar al resto de clientes (especialmente en las horas de silencio de 0:00 a 08:00); el camping podr\u00e1 penalizar econ\u00f3micamente a los clientes que provoquen esta situaci\u00f3n.<\/p>\n\n\n\n<p class=\"\">El cliente autoriza al camping para recoger en v\u00eddeo o fotograf\u00edas lo ocurrido como prueba.<\/p>\n\n\n\n<p class=\"\">El camping podr\u00e1 expulsar a estos clientes del camping, perdiendo la totalidad del dinero de la reserva.<\/p>\n\n\n\n<p class=\"\">El cliente otorga su consentimiento en el momento de hacer la reserva y por tanto al aceptar estas condiciones.<\/p>\n\n\n\n<p class=\"\">Adem\u00e1s, el camping podr\u00e1 llamar a las fuerzas del orden en casos conflictivos o de negarse a abandonar el camping. Este dinero ser\u00e1 usado para compensar las posibles quejas y devoluciones que se puedan dar y en ning\u00fan caso se lucrar\u00e1 el camping con ello.<\/p>\n\n\n\n<p class=\"\">Tomamos esta medida como \u00faltima instancia ante posibles clientes que molesten a otros clientes de manera despreocupada. Cualquier destrozo ser\u00e1 cobrado totalmente aparte.<\/p>\n\n\n\n<ol start=\"14\" class=\"wp-block-list\">\n<li class=\"\">Precio, facturaci\u00f3n y dep\u00f3sitos&nbsp;<\/li>\n<\/ol>\n\n\n\n<p class=\"\">El PVP incluye el servicio completo de alojamiento en los tipis Acampale m\u00e1s el 10% del IVA correspondiente. Tasa tur\u00edstica no incluida.<\/p>\n\n\n\n<p class=\"\">El Camping facturar\u00e1 al cliente el 100% de la factura de alojamiento, con su impuesto seg\u00fan corresponda.<\/p>\n\n\n\n<p class=\"\">La cantidad entregada por el cliente a trav\u00e9s de los canales de venta online utilizados por Acampale en el momento de hacer la reserva, correspondiente al 100% del PVP, se encuadra como entrega a cuenta \/ dep\u00f3sito de la reserva efectuada en el Camping.<\/p>\n\n\n\n<p class=\"\">El cliente tendr\u00e1 que pagar a su llegada al camping la tasa tur\u00edstica correspondiente.<\/p>\n\n\n\n<p class=\"\">15. Resoluci\u00f3n de Problemas.<\/p>\n\n\n\n<p class=\"\">Para la resoluci\u00f3n de cualquier problema acerca de las instalaciones o de su alojamiento se podr\u00e1 resolver:<\/p>\n\n\n\n<ul class=\"wp-block-list\">\n<li class=\"\">Con un responsable del propio camping.<\/li>\n\n\n\n<li class=\"\">A trav\u00e9s de nuestro correo electr\u00f3nico: acampale.cat@gmail.com<\/li>\n<\/ul>\n\n\n\n<p class=\"\">16. GDPR<\/p>\n\n\n\n<p class=\"\">De conformidad con lo establecido en la Ley Org\u00e1nica 15\/1999 de 13 de diciembre de Protecci\u00f3n de Datos de Car\u00e1cter Personal as\u00ed como en el Reglamento (UE) 2016\/679 del Parlamento Europeo y del Consejo de 27 de abril de 2016 (GDPR) y en el resto de legislaci\u00f3n vigente en materia de protecci\u00f3n de datos de car\u00e1cter personal, los datos que voluntariamente usted nos proporcione se conservar\u00e1n mientras se mantenga la relaci\u00f3n comercial o durante el tiempo necesario para cumplir con las obligaciones legales y atender las posibles responsabilidades que pudieran derivar del cumplimiento de la finalidad para la que los datos fueron recabados.<br>El tratamiento de los datos tiene como finalidad atender su solicitud y gestionar la reserva. Para ello, compartiremos sus datos con nuestros campings colaboradores y otros proveedores de servicios cuando sea necesario o adecuado para ofrecerle el mejor servicio. Adem\u00e1s de sus datos es posible que pidamos los datos de las personas que viajan con usted o de otras personas para las que haya reservado alojamiento. Es su responsabilidad, en el momento de facilitar dichos datos, asegurarse de que las personas son conscientes de ello y han aceptado expresamente la presente pol\u00edtica. Los datos tambi\u00e9n podr\u00e1n ser utilizados para remitir boletines electr\u00f3nicos de noticias o informaci\u00f3n que pudiera ser de su inter\u00e9s.<br>Podr\u00e1 ejercer los derechos de acceso, rectificaci\u00f3n, cancelaci\u00f3n y oposici\u00f3n (\u201cderechos ARCO\u201d) mediante solicitud escrita y firmada en la que indique su nombre y apellidos y los derechos que desea ejercer, y que deber\u00e1 enviar junto con una copia de su documento de identidad o pasaporte por correo electr\u00f3nico a acampale.cat@gmail.com. Asimismo, y especialmente si considera que no ha obtenido satisfacci\u00f3n plena en el ejercicio de sus derechos, podr\u00e1 presentar una reclamaci\u00f3n ante la autoridad nacional de control dirigi\u00e9ndose a estos efectos a la Agencia Espa\u00f1ola de Protecci\u00f3n de Datos, C\/ Jorge Juan, 6 \u2013 28001 Madrid. Podr\u00e1 adem\u00e1s solicitar la eliminaci\u00f3n de sus datos personales (derecho al olvido) en los supuestos establecidos legalmente, adoptando medidas razonables para la eliminaci\u00f3n de enlaces a dichos datos personales, o cualquier copia o r\u00e9plica de los mismos. Dispondr\u00e1 asimismo del derecho a la limitaci\u00f3n del tratamiento de sus datos de car\u00e1cter personal y del derecho a solicitar la portabilidad de sus datos.<\/p>","protected":false},"excerpt":{"rendered":"<p>Al formalizar la reserva de los tipis Acampale a trav\u00e9s de nuestra web, usted est\u00e1 aceptando los siguientes t\u00e9rminos y condiciones. El camping ofrece a sus clientes el servicio de alojamiento en los tipis Acampale dentro de sus instalaciones seg\u00fan la normativa tur\u00edstica, cumpliendo todos los requerimientos legales que le dan la posibilidad de ofrecer [&hellip;]<\/p>\n","protected":false},"author":1,"featured_media":0,"parent":0,"menu_order":0,"comment_status":"closed","ping_status":"closed","template":"","meta":{"nf_dc_page":"","inline_featured_image":false,"footnotes":""},"class_list":["post-277","page","type-page","status-publish","hentry"],"yoast_head":"<!-- This site is optimized with the Yoast SEO plugin v27.4 - https:\/\/yoast.com\/product\/yoast-seo-wordpress\/ -->\n<title>T\u00e9rminos &amp; Condiciones - Acampale<\/title>\n<meta name=\"robots\" content=\"index, follow, max-snippet:-1, max-image-preview:large, max-video-preview:-1\" \/>\n<link rel=\"canonical\" href=\"https:\/\/acampale.com\/cat\/terms-conditions\/\" \/>\n<meta property=\"og:locale\" content=\"ca_ES\" \/>\n<meta property=\"og:type\" content=\"article\" \/>\n<meta property=\"og:title\" content=\"T\u00e9rminos &amp; Condiciones - Acampale\" \/>\n<meta property=\"og:description\" content=\"Al formalizar la reserva de los tipis Acampale a trav\u00e9s de nuestra web, usted est\u00e1 aceptando los siguientes t\u00e9rminos y condiciones. El camping ofrece a sus clientes el servicio de alojamiento en los tipis Acampale dentro de sus instalaciones seg\u00fan la normativa tur\u00edstica, cumpliendo todos los requerimientos legales que le dan la posibilidad de ofrecer [&hellip;]\" \/>\n<meta property=\"og:url\" content=\"https:\/\/acampale.com\/cat\/terms-conditions\/\" \/>\n<meta property=\"og:site_name\" content=\"Acampale\" \/>\n<meta property=\"article:modified_time\" content=\"2024-04-17T12:24:32+00:00\" \/>\n<meta name=\"twitter:card\" content=\"summary_large_image\" \/>\n<meta name=\"twitter:label1\" content=\"Est. reading time\" \/>\n\t<meta name=\"twitter:data1\" content=\"7 minutes\" \/>\n<script type=\"application\/ld+json\" class=\"yoast-schema-graph\">{\"@context\":\"https:\\\/\\\/schema.org\",\"@graph\":[{\"@type\":\"WebPage\",\"@id\":\"https:\\\/\\\/acampale.com\\\/terms-conditions\\\/\",\"url\":\"https:\\\/\\\/acampale.com\\\/terms-conditions\\\/\",\"name\":\"T\u00e9rminos & Condiciones - Acampale\",\"isPartOf\":{\"@id\":\"https:\\\/\\\/acampale.com\\\/#website\"},\"datePublished\":\"2019-08-20T12:22:58+00:00\",\"dateModified\":\"2024-04-17T12:24:32+00:00\",\"breadcrumb\":{\"@id\":\"https:\\\/\\\/acampale.com\\\/terms-conditions\\\/#breadcrumb\"},\"inLanguage\":\"ca\",\"potentialAction\":[{\"@type\":\"ReadAction\",\"target\":[\"https:\\\/\\\/acampale.com\\\/terms-conditions\\\/\"]}]},{\"@type\":\"BreadcrumbList\",\"@id\":\"https:\\\/\\\/acampale.com\\\/terms-conditions\\\/#breadcrumb\",\"itemListElement\":[{\"@type\":\"ListItem\",\"position\":1,\"name\":\"Portada\",\"item\":\"https:\\\/\\\/acampale.com\\\/\"},{\"@type\":\"ListItem\",\"position\":2,\"name\":\"T\u00e9rminos &#038; Condiciones\"}]},{\"@type\":\"WebSite\",\"@id\":\"https:\\\/\\\/acampale.com\\\/#website\",\"url\":\"https:\\\/\\\/acampale.com\\\/\",\"name\":\"Acampale\",\"description\":\"\",\"publisher\":{\"@id\":\"https:\\\/\\\/acampale.com\\\/#organization\"},\"potentialAction\":[{\"@type\":\"SearchAction\",\"target\":{\"@type\":\"EntryPoint\",\"urlTemplate\":\"https:\\\/\\\/acampale.com\\\/?s={search_term_string}\"},\"query-input\":{\"@type\":\"PropertyValueSpecification\",\"valueRequired\":true,\"valueName\":\"search_term_string\"}}],\"inLanguage\":\"ca\"},{\"@type\":\"Organization\",\"@id\":\"https:\\\/\\\/acampale.com\\\/#organization\",\"name\":\"Acampale\",\"url\":\"https:\\\/\\\/acampale.com\\\/\",\"logo\":{\"@type\":\"ImageObject\",\"inLanguage\":\"ca\",\"@id\":\"https:\\\/\\\/acampale.com\\\/#\\\/schema\\\/logo\\\/image\\\/\",\"url\":\"\",\"contentUrl\":\"\",\"caption\":\"Acampale\"},\"image\":{\"@id\":\"https:\\\/\\\/acampale.com\\\/#\\\/schema\\\/logo\\\/image\\\/\"},\"sameAs\":[\"https:\\\/\\\/www.instagram.com\\\/acampale\\\/\"]}]}<\/script>\n<!-- \/ Yoast SEO plugin. -->","yoast_head_json":{"title":"T\u00e9rminos & Condiciones - Acampale","robots":{"index":"index","follow":"follow","max-snippet":"max-snippet:-1","max-image-preview":"max-image-preview:large","max-video-preview":"max-video-preview:-1"},"canonical":"https:\/\/acampale.com\/cat\/terms-conditions\/","og_locale":"ca_ES","og_type":"article","og_title":"T\u00e9rminos & Condiciones - Acampale","og_description":"Al formalizar la reserva de los tipis Acampale a trav\u00e9s de nuestra web, usted est\u00e1 aceptando los siguientes t\u00e9rminos y condiciones. El camping ofrece a sus clientes el servicio de alojamiento en los tipis Acampale dentro de sus instalaciones seg\u00fan la normativa tur\u00edstica, cumpliendo todos los requerimientos legales que le dan la posibilidad de ofrecer [&hellip;]","og_url":"https:\/\/acampale.com\/cat\/terms-conditions\/","og_site_name":"Acampale","article_modified_time":"2024-04-17T12:24:32+00:00","twitter_card":"summary_large_image","twitter_misc":{"Est. reading time":"7 minutes"},"schema":{"@context":"https:\/\/schema.org","@graph":[{"@type":"WebPage","@id":"https:\/\/acampale.com\/terms-conditions\/","url":"https:\/\/acampale.com\/terms-conditions\/","name":"T\u00e9rminos & Condiciones - Acampale","isPartOf":{"@id":"https:\/\/acampale.com\/#website"},"datePublished":"2019-08-20T12:22:58+00:00","dateModified":"2024-04-17T12:24:32+00:00","breadcrumb":{"@id":"https:\/\/acampale.com\/terms-conditions\/#breadcrumb"},"inLanguage":"ca","potentialAction":[{"@type":"ReadAction","target":["https:\/\/acampale.com\/terms-conditions\/"]}]},{"@type":"BreadcrumbList","@id":"https:\/\/acampale.com\/terms-conditions\/#breadcrumb","itemListElement":[{"@type":"ListItem","position":1,"name":"Portada","item":"https:\/\/acampale.com\/"},{"@type":"ListItem","position":2,"name":"T\u00e9rminos &#038; Condiciones"}]},{"@type":"WebSite","@id":"https:\/\/acampale.com\/#website","url":"https:\/\/acampale.com\/","name":"Acampale","description":"","publisher":{"@id":"https:\/\/acampale.com\/#organization"},"potentialAction":[{"@type":"SearchAction","target":{"@type":"EntryPoint","urlTemplate":"https:\/\/acampale.com\/?s={search_term_string}"},"query-input":{"@type":"PropertyValueSpecification","valueRequired":true,"valueName":"search_term_string"}}],"inLanguage":"ca"},{"@type":"Organization","@id":"https:\/\/acampale.com\/#organization","name":"Acampale","url":"https:\/\/acampale.com\/","logo":{"@type":"ImageObject","inLanguage":"ca","@id":"https:\/\/acampale.com\/#\/schema\/logo\/image\/","url":"","contentUrl":"","caption":"Acampale"},"image":{"@id":"https:\/\/acampale.com\/#\/schema\/logo\/image\/"},"sameAs":["https:\/\/www.instagram.com\/acampale\/"]}]}},"jetpack_sharing_enabled":true,"_links":{"self":[{"href":"https:\/\/acampale.com\/cat\/wp-json\/wp\/v2\/pages\/277","targetHints":{"allow":["GET"]}}],"collection":[{"href":"https:\/\/acampale.com\/cat\/wp-json\/wp\/v2\/pages"}],"about":[{"href":"https:\/\/acampale.com\/cat\/wp-json\/wp\/v2\/types\/page"}],"author":[{"embeddable":true,"href":"https:\/\/acampale.com\/cat\/wp-json\/wp\/v2\/users\/1"}],"replies":[{"embeddable":true,"href":"https:\/\/acampale.com\/cat\/wp-json\/wp\/v2\/comments?post=277"}],"version-history":[{"count":5,"href":"https:\/\/acampale.com\/cat\/wp-json\/wp\/v2\/pages\/277\/revisions"}],"predecessor-version":[{"id":3986,"href":"https:\/\/acampale.com\/cat\/wp-json\/wp\/v2\/pages\/277\/revisions\/3986"}],"wp:attachment":[{"href":"https:\/\/acampale.com\/cat\/wp-json\/wp\/v2\/media?parent=277"}],"curies":[{"name":"wp","href":"https:\/\/api.w.org\/{rel}","templated":true}]}}